 5)*(13 + -14)?
37633
Let v = -3675 + 5222. List the prime factors of v.
7, 13, 17
Let j = 2247 - 1351. Let g = -1 + 1. Suppose -j = -g*t - 4*t. List the prime factors of t.
2, 7
Let f = -41912 - -74735. List the prime factors of f.
3, 7, 521
Let s = 837 - 735. Let m = 381 - s. What are the prime factors of m?
3, 31
Let l = 7 - 7. Suppose -28*k + 27*k + 5 = l. Suppose k*u + 28 = 7*u. List the prime factors of u.
2, 7
Let i(t) = -238*t**3 + t**2 - 4. Let w be i(-2). Let d = 3285 - w. What are the prime factors of d?
1381
Let l be (-2 + 5/3)*72/(-8). What are the prime factors of ((-52)/l)/((-4)/210)?
2, 5, 7, 13
Suppose -4*b + 53996 = -4*v - 44740, 0 = -6*b - 4*v + 148064. List the prime factors of b.
2, 5, 617
Suppose 0 = -2*u - 10 + 40. Suppose b = -2*s + 12, -6*s + 5*s + u = 5*b. Suppose 4*v - 4*l - 622 = -2*l, 3*l - 331 = -b*v. List the prime factors of v.
2, 79
Suppose -16039 = -4*h + 3*k, h = 2*k + 4550 - 544. What are the prime factors of h?
2, 17, 59
Let p(u) = u**2 + 12*u - 23. Let y be p(5). Let k = y - 60. Suppose 3*l + 570 = k*n + 163, n - 5*l = 214. What are the prime factors of n?
199
Let q = -151 - -150. List the prime factors of (-56)/112 - (q + 1711/(-2)).
2, 107
Let a = 18269 - 12381. What are the prime factors of a?
2, 23
Let c = 423 - 173. Suppose -g + 6 = 143. Let x = g + c. What are the prime factors of x?
113
Let k(d) = -d**3 + 21*d**2 + 24*d - 36. Let n be k(22). Suppose -5*h - 147 = 2*x - 808, n = -4*x. List the prime factors of h.
7, 19
Let h be (-15 + 19 - 7)*(0 - -1). List the prime factors of 543 - 2 - (-1 + (-5 - h)).
2, 17
Let r = 18495 + 13903. What are the prime factors of r?
2, 97, 167
Let h be 1/((-14)/(-900)) + 38/(-133). Let i be h/(-6)*66/11. Let c = -14 - i. List the prime factors of c.
2, 5
Suppose -69*n + 230416 = -41*n - 304524. What are the prime factors of n?
5, 3821
Let k(o) = 5*o + 195. Let j be k(-38). Let r(b) = 100*b - 181. List the prime factors of r(j).
11, 29
Let l(t) = 2252*t - 102. List the prime factors of l(10).
2, 11, 1019
Let n(a) be the second derivative of 15*a**4/4 - 2*a**3 + 13*a**2/2 - 241*a. What are the prime factors of n(4)?
5, 137
Let v = 7288 + -5637. List the prime factors of v.
13, 127
Let q(x) = 2*x**2 - 4*x. What are the prime factors of q(37)?
2, 5, 7, 37
Let y(q) be the first derivative of 3*q**4/4 - 2*q**3 + q**2 + 11*q + 16. What are the prime factors of y(4)?
5, 23
Suppose 3*u + 33 = -i - 1796, -2*i + 2*u = 3690. Let g = i - -2951. What are the prime factors of g?
2, 3, 5, 37
Let a = 1580 - 581. Let d = a + -686. List the prime factors of d.
313
Let w(j) = 19*j**2 - 75*j - 137. What are the prime factors of w(-33)?
23029
Let t = -160 + 653. Suppose 0 = 4*o - t - 1091. Let d = o + -194. List the prime factors of d.
2, 101
Suppose f - 13 + 9 = 0. Let d(p) = p. Let q be d(f). Suppose -h - 3*o = -64, 2*o = o - q. List the prime factors of h.
2, 19
What are the prime factors of (2 + 49650)/((0 - 2)/(23 - 24))?
2, 12413
Suppose 2*o - 3 = -9, 0 = -3*n - 5*o - 12. Let q be 84/(-8)*(n - 3). Suppose 7*v = 10*v - q. List the prime factors of v.
7
Let z(l) = -10 + 3*l + 9 - 7 - 13. Let b be z(8). Suppose 648 = b*v + v. What are the prime factors of v?
2, 3
Let s(u) = -41*u - 123 + 242 - 123. Let b be s(-4). List the prime factors of (72/60)/(3/b).
2
Let c = -5403 - -6017. List the prime factors of c.
2, 307
Let h be 8 - (15 + -1)*-73. Suppose 2*a - h = 2308. List the prime factors of a.
1669
Let q(y) be the third derivative of -5*y**4/8 + 5*y**3/2 + y**2 + 1. Let b be q(4). List the prime factors of b*(14/(-3) - (-3)/(-9)).
3, 5
Suppose 0 = -5*f + 4*u + 14855, -8953 = -3*f + 2*u - 40. What are the prime factors of f?
2971
Let r(d) = -88*d - 1086. List the prime factors of r(-35).
2, 997
Suppose 0 = -3*q - 1909 - 350. Let m = q + 1096. List the prime factors of m.
7
Let z(d) = -14*d - 6. Let r be z(3). Let c be 24/(-56) - r/14. Suppose 5*u + 1152 = 4*a, c*u + 12 = -0*u. List the prime factors of a.
283
List the prime factors of 177615/24 - (1 + (-132)/96).
3, 2467
Let k(g) = 59*g**3 + g + 6. Let n be (39/52)/(2 + 39/(-24)). List the prime factors of k(n).
2, 3, 5
Suppose 283*q - 931596 = 254*q. List the prime factors of q.
2, 3, 2677
Let r be 5/(5/(-2)) + 10. Suppose 0 = -2*o + r*o. List the prime factors of 55 - o/(0 - 3).
5, 11
Let d(c) = -c**3 + 26*c**2 - 32*c + 1. Let f(o) = -15*o - 7 - o - 15*o + 27*o**2 + 8 - o**3. Let y(j) = 2*d(j) - 3*f(j). What are the prime factors of y(28)?
3
Let p = 129 - 114. Suppose 3*x + p*x = 4122. What are the prime factors of x?
229
Suppose -3*h + 6383 = q, 6391 = q - 0*q + 5*h. Suppose -14*j = 9*j - q. What are the prime factors of j?
277
Let b(v) = v**2 + 8*v + 1. Let t be b(-8). Let z be 6 + -3 + t + 1. Suppose z*x - 336 = -3*x. List the prime factors of x.
2, 3, 7
Let w = -523 - -526. Suppose 3*c - 3355 = p, -5*c - w*p + 2883 = -2718. List the prime factors of c.
3, 373
Let o(i) = 3*i**2 + i - 1. Let j be o(1). Suppose -j*k + 20 = k. Suppose l + 3*p = 126, -k*p + 25 = -0. List the prime factors of l.
3, 37
Suppose -3*w + i + 254 = 0, -4*w - 3*i + 162 = -2*w. Let r be 34/6 - (-28)/w. Suppose 0 = -r*d - 18 + 84. List the prime factors of d.
11
Suppose -9*z - 230 = -4*z. Let d = -44 - z. Suppose -d*o + 52 = -y - y, 5*o + 2*y - 95 = 0. List the prime factors of o.
3, 7
Let d = -2064 - -3450. Suppose -3*h + d = 3*q, h - 5*q = 2*h - 474. List the prime factors of h.
3, 17
Suppose -2525 = -3*q + 8*q. Let z = q + 733. List the prime factors of z.
2, 3, 19
Suppose -80*i + 82*i - 14 = 0. Suppose 2*g + 3*t + 3 = i, -20 = -5*t. List the prime factors of (g*15/(-8))/(1/14).
3, 5, 7
Suppose 0 = 3*x + 5*k - 16956, 3*x = -210*k + 206*k + 16956. What are the prime factors of x?
2, 3, 157
Let z(a) = a**2 - 6*a + 12. Suppose 6*h = 19 + 5. Let s be z(h). Suppose c = -3*b + 231, 89 = -s*c - 2*b + 993. List the prime factors of c.
3, 5
Suppose 228*y - 9835 = -3*d + 223*y, d = 4*y + 3301. List the prime factors of d.
3, 5, 73
Suppose -56*m = -42*m - 80640. List the prime factors of m.
2, 3, 5
Let q be 650 + (63 - 9)/(-9). Let t = q + 282. What are the prime factors of t?
2, 463
Suppose 440 = 2*g + 398. Let j(n) = 4*n - 97. Let q(o) = 6*o - 146. Let t(y) = -8*j(y) + 5*q(y). What are the prime factors of t(g)?
2
Suppose -p = 2*p - w - 7, 1 = 4*p - 3*w. Suppose 5*k = p*u + 8019, -6*u - 4812 = -3*k - 3*u. List the prime factors of k.
7, 229
Let d(g) = -1199*g - 4521. What are the prime factors of d(-37)?
2, 11, 1811
Let t(w) = 11*w**3 - 2*w**2 - 2*w + 2. Let p be t(2). Let b = 200 - p. List the prime factors of b.
2, 61
Suppose -5*y + 78 = -g, -2*y + 62 = 2*y - g. Suppose -19*h = -y*h. Suppose h = i + 9 - 90. List the prime factors of i.
3
Let z = -34884 - -54616. List the prime factors of z.
2, 4933
Suppose 2*b + 6 = 2*s, -4*s + 0*s - 5*b = -30. Suppose 0 = -2*l + 5*n + 2 - 7, -5*n + 40 = s*l. List the prime factors of l.
5
Let q(a) = -3*a**2 - 58*a + 35239. What are the prime factors of q(0)?
131, 269
Suppose 779*u - 809*u + 328410 = 0. What are the prime factors of u?
3, 41, 89
Suppose 5*s = 3*s + 8. Let b(i) = 2*i**3 - 3*i**2 + 6*i - 4. Let u be b(s). Let x = 144 - u. What are the prime factors of x?
2, 11
Let a(f) = 14 + 30*f - 2*f**2 + 33*f - 32*f. What are the prime factors of a(13)?
79
Suppose 3*b - 2*q - 48656 = 63829, 150014 = 4*b + 3*q. List the prime factors of b.
7, 11, 487
Let i(s) = -802*s - 273. List the prime factors of i(-9).
3, 5, 463
Let w = 106 - 167. Let h = w + 166. Let k = h + -34. List the prime factors of k.
71
Suppose -228 = 6*d + 10854. Let m = -997 - d. List the prime factors of m.
2, 5, 17
Let d = 12702 - 18657. Let o be 2/(-14) - (-5 + d/35). Suppose -5*b - 10 = -o. What are the prime factors of b?
3, 11
What are the prime factors of (110/30 - 3)/(2/22452 - 0)?
2, 1871
Suppose -22 = -15*j + 8. Let s be (0 - -1)*45*6 - j. Let q = s - 138. What are the prime factors of q?
2, 5, 13
Suppose -19*m + 18*m = -26. Suppose 0 = -2*a - m + 420. List the prime factors of a.
197
Let r(g) = 227*g - 1638. List the prime factors of r(10).
2, 79
Let y = 131 + -137. Let m(n) = 6*n**2 + 21*n + 14. What are the prime factors of m(y)?
2, 13
Let y be (1*10*3)/((-9)/(-18)). Let n be (1/4)/(5/y). Suppose -g + 213 = 2*g - n*l, -g + 4*l = -65. List the prime f